{"id":5249,"date":"2023-08-23T15:04:10","date_gmt":"2023-08-23T21:04:10","guid":{"rendered":"https:\/\/littleplay.com.mx\/academy\/?post_type=product&#038;p=5249"},"modified":"2025-05-05T14:21:36","modified_gmt":"2025-05-05T20:21:36","slug":"estrategias-de-estimulacion-del-habla","status":"publish","type":"product","link":"https:\/\/littleplay.com.mx\/academy\/producto\/estrategias-de-estimulacion-del-habla\/","title":{"rendered":"Estrategias de Estimulaci\u00f3n del Habla"},"content":{"rendered":"<p>Taller Online<br \/>\nEstrategias para Favorecer el Habla \ud83d\udde3\ud83e\udde0\ud83d\udc96<\/p>\n<p>Dirigido a Terapeutas y Padres de familia que se encuentran apoyando a sus hijos en este proceso, interesados en encontrar las herramientas necesarias para entrenar el Lenguaje \ud83d\udd34<\/p>\n<p>\u00bfCua\u0301ndo? \u23f0<\/p>\n<p>&#8211; Grabado<br \/>\n&#8211; Duraci\u00f3n 2 horas<br \/>\n&#8211; Resolucion de dudas v\u00eda WhatsApp<\/p>\n<p>\ud83d\udc49 Contenido<br \/>\n\u2705 \u00bfQue es el habla?<br \/>\n\u2705 Etapas del Desarrollo del Habla.<br \/>\n\u2705 Indicadores de retraso.<br \/>\n\u2705 Estructuras involucradas en la producci\u00f3n del habla.<br \/>\n\u2705Trastornos del Habla m\u00e1s comunes.<br \/>\n\u2705 Pruebas para evaluar el habla.<br \/>\n\u2705Proceso de articulacion y fonaci\u00f3n.<br \/>\n\u2705Estrategias y actividades de apoyo para desarrollar el Habla.<br \/>\n\u2705 Y m\u00e1s&#8230;<\/p>\n<p>INCLUYE<\/p>\n<p>\u2705 Cuadernillo de articulacion en PDF descargable.<br \/>\n\u2705 Constancia de participaci\u00f3n digital<\/p>\n<p>\u2705BONUS 1: 1 cuadernillo<\/p>\n<p>&nbsp;<\/p>\n<p>\u00a1CUPO LIMITADO!<\/p>\n","protected":false},"excerpt":{"rendered":"<p>Taller Online Estrategias para Favorecer el Habla \ud83d\udde3\ud83e\udde0\ud83d\udc96 Dirigido a Terapeutas y Padres de familia que se encuentran apoyando a sus hijos en este proceso, interesados en encontrar las herramientas necesarias para entrenar el Lenguaje \ud83d\udd34 \u00bfCua\u0301ndo? \u23f0 &#8211; Grabado &#8211; Duraci\u00f3n 2 horas &#8211; Resolucion de dudas v\u00eda WhatsApp \ud83d\udc49 Contenido \u2705 \u00bfQue es [&hellip;]<\/p>\n","protected":false},"featured_media":5663,"comment_status":"open","ping_status":"closed","template":"","meta":{"site-sidebar-layout":"default","site-content-layout":null,"ast-site-content-layout":"","site-content-style":"default","site-sidebar-style":"default","ast-global-header-display":"","ast-banner-title-visibility":"","ast-main-header-display":"","ast-hfb-above-header-display":null,"ast-hfb-below-header-display":null,"ast-hfb-mobile-header-display":"","site-post-title":"","ast-breadcrumbs-content":null,"ast-featured-img":"","footer-sml-layout":"","theme-transparent-header-meta":"default","adv-header-id-meta":"","stick-header-meta":"default","header-above-stick-meta":null,"header-main-stick-meta":"","header-below-stick-meta":null,"astra-migrate-meta-layouts":"default","ast-page-background-enabled":"default","ast-page-background-meta":{"desktop":{"background-color":"","background-image":"","background-repeat":"repeat","background-position":"center center","background-size":"auto","background-attachment":"scroll","background-type":"","background-media":"","overlay-type":"","overlay-color":"","overlay-opacity":"","overlay-gradient":""},"tablet":{"background-color":"","background-image":"","background-repeat":"repeat","background-position":"center center","background-size":"auto","background-attachment":"scroll","background-type":"","background-media":"","overlay-type":"","overlay-color":"","overlay-opacity":"","overlay-gradient":""},"mobile":{"background-color":"","background-image":"","background-repeat":"repeat","background-position":"center center","background-size":"auto","background-attachment":"scroll","background-type":"","background-media":"","overlay-type":"","overlay-color":"","overlay-opacity":"","overlay-gradient":""}},"ast-content-background-meta":{"desktop":{"background-color":"var(--ast-global-color-5)","background-image":"","background-repeat":"repeat","background-position":"center center","background-size":"auto","background-attachment":"scroll","background-type":"","background-media":"","overlay-type":"","overlay-color":"","overlay-opacity":"","overlay-gradient":""},"tablet":{"background-color":"var(--ast-global-color-5)","background-image":"","background-repeat":"repeat","background-position":"center center","background-size":"auto","background-attachment":"scroll","background-type":"","background-media":"","overlay-type":"","overlay-color":"","overlay-opacity":"","overlay-gradient":""},"mobile":{"background-color":"var(--ast-global-color-5)","background-image":"","background-repeat":"repeat","background-position":"center center","background-size":"auto","background-attachment":"scroll","background-type":"","background-media":"","overlay-type":"","overlay-color":"","overlay-opacity":"","overlay-gradient":""}}},"product_brand":[],"product_cat":[216],"product_tag":[318,24,258,338,337],"class_list":{"0":"post-5249","1":"product","2":"type-product","3":"status-publish","4":"has-post-thumbnail","6":"product_cat-workshop","7":"product_tag-habla","8":"product_tag-lenguaje","9":"product_tag-maestra","10":"product_tag-online","11":"product_tag-taller","12":"desktop-align-left","13":"tablet-align-left","14":"mobile-align-left","15":"ast-product-gallery-layout-horizontal-slider","16":"ast-product-gallery-with-no-image","17":"ast-product-tabs-layout-horizontal","19":"first","20":"instock","21":"virtual","22":"purchasable","23":"product-type-simple"},"yoast_head":"<!-- This site is optimized with the Yoast SEO Premium plugin v16.0.2 - https:\/\/yoast.com\/wordpress\/plugins\/seo\/ -->\n<title>Estrategias de Estimulaci\u00f3n del Habla - Escuela para padres y cursos en l\u00ednea de maternidad de estimulaci\u00f3n temprana para bebes y ni\u00f1os<\/title>\n<link rel=\"canonical\" href=\"https:\/\/littleplay.com.mx\/academy\/producto\/estrategias-de-estimulacion-del-habla\/\" \/>\n<meta property=\"og:locale\" content=\"es_ES\" \/>\n<meta property=\"og:type\" content=\"article\" \/>\n<meta property=\"og:title\" content=\"Estrategias de Estimulaci\u00f3n del Habla - Escuela para padres y cursos en l\u00ednea de maternidad de estimulaci\u00f3n temprana para bebes y ni\u00f1os\" \/>\n<meta property=\"og:description\" content=\"Taller Online Estrategias para Favorecer el Habla \ud83d\udde3\ud83e\udde0\ud83d\udc96 Dirigido a Terapeutas y Padres de familia que se encuentran apoyando a sus hijos en este proceso, interesados en encontrar las herramientas necesarias para entrenar el Lenguaje \ud83d\udd34 \u00bfCua\u0301ndo? \u23f0 &#8211; Grabado &#8211; Duraci\u00f3n 2 horas &#8211; Resolucion de dudas v\u00eda WhatsApp \ud83d\udc49 Contenido \u2705 \u00bfQue es [&hellip;]\" \/>\n<meta property=\"og:url\" content=\"https:\/\/littleplay.com.mx\/academy\/producto\/estrategias-de-estimulacion-del-habla\/\" \/>\n<meta property=\"og:site_name\" content=\"Escuela para padres y cursos en l\u00ednea de maternidad de estimulaci\u00f3n temprana para bebes y ni\u00f1os\" \/>\n<meta property=\"article:modified_time\" content=\"2025-05-05T20:21:36+00:00\" \/>\n<meta property=\"og:image\" content=\"https:\/\/littleplay.com.mx\/academy\/wp-content\/uploads\/2023\/08\/Copia-de-ESTRATEGIAS-DE-ESTIMULACION-DEL-HABLA.jpg\" \/>\n\t<meta property=\"og:image:width\" content=\"1080\" \/>\n\t<meta property=\"og:image:height\" content=\"1080\" \/>\n<meta name=\"twitter:card\" content=\"summary_large_image\" \/>\n<meta name=\"twitter:label1\" content=\"Tiempo de lectura\">\n\t<meta name=\"twitter:data1\" content=\"1 minuto\">\n<script type=\"application\/ld+json\" class=\"yoast-schema-graph\">{\"@context\":\"https:\/\/schema.org\",\"@graph\":[{\"@type\":\"WebSite\",\"@id\":\"https:\/\/littleplay.com.mx\/academy\/#website\",\"url\":\"https:\/\/littleplay.com.mx\/academy\/\",\"name\":\"Escuela para padres y cursos en l\\u00ednea de maternidad de estimulaci\\u00f3n temprana para bebes y ni\\u00f1os\",\"description\":\"escuela de maternidad y estimulaci\\u00f3n temprana online, cursos talleres y asesorias en linea\",\"potentialAction\":[{\"@type\":\"SearchAction\",\"target\":\"https:\/\/littleplay.com.mx\/academy\/?s={search_term_string}\",\"query-input\":\"required name=search_term_string\"}],\"inLanguage\":\"es\"},{\"@type\":\"ImageObject\",\"@id\":\"https:\/\/littleplay.com.mx\/academy\/producto\/estrategias-de-estimulacion-del-habla\/#primaryimage\",\"inLanguage\":\"es\",\"url\":\"https:\/\/littleplay.com.mx\/academy\/wp-content\/uploads\/2023\/08\/Copia-de-ESTRATEGIAS-DE-ESTIMULACION-DEL-HABLA.jpg\",\"width\":1080,\"height\":1080},{\"@type\":\"WebPage\",\"@id\":\"https:\/\/littleplay.com.mx\/academy\/producto\/estrategias-de-estimulacion-del-habla\/#webpage\",\"url\":\"https:\/\/littleplay.com.mx\/academy\/producto\/estrategias-de-estimulacion-del-habla\/\",\"name\":\"Estrategias de Estimulaci\\u00f3n del Habla - Escuela para padres y cursos en l\\u00ednea de maternidad de estimulaci\\u00f3n temprana para bebes y ni\\u00f1os\",\"isPartOf\":{\"@id\":\"https:\/\/littleplay.com.mx\/academy\/#website\"},\"primaryImageOfPage\":{\"@id\":\"https:\/\/littleplay.com.mx\/academy\/producto\/estrategias-de-estimulacion-del-habla\/#primaryimage\"},\"datePublished\":\"2023-08-23T21:04:10+00:00\",\"dateModified\":\"2025-05-05T20:21:36+00:00\",\"breadcrumb\":{\"@id\":\"https:\/\/littleplay.com.mx\/academy\/producto\/estrategias-de-estimulacion-del-habla\/#breadcrumb\"},\"inLanguage\":\"es\",\"potentialAction\":[{\"@type\":\"ReadAction\",\"target\":[\"https:\/\/littleplay.com.mx\/academy\/producto\/estrategias-de-estimulacion-del-habla\/\"]}]},{\"@type\":\"BreadcrumbList\",\"@id\":\"https:\/\/littleplay.com.mx\/academy\/producto\/estrategias-de-estimulacion-del-habla\/#breadcrumb\",\"itemListElement\":[{\"@type\":\"ListItem\",\"position\":1,\"item\":{\"@type\":\"WebPage\",\"@id\":\"https:\/\/littleplay.com.mx\/academy\/\",\"url\":\"https:\/\/littleplay.com.mx\/academy\/\",\"name\":\"Home\"}},{\"@type\":\"ListItem\",\"position\":2,\"item\":{\"@type\":\"WebPage\",\"@id\":\"https:\/\/littleplay.com.mx\/academy\/shop\/\",\"url\":\"https:\/\/littleplay.com.mx\/academy\/shop\/\",\"name\":\"Shop\"}},{\"@type\":\"ListItem\",\"position\":3,\"item\":{\"@type\":\"WebPage\",\"@id\":\"https:\/\/littleplay.com.mx\/academy\/producto\/estrategias-de-estimulacion-del-habla\/\",\"url\":\"https:\/\/littleplay.com.mx\/academy\/producto\/estrategias-de-estimulacion-del-habla\/\",\"name\":\"Estrategias de Estimulaci\\u00f3n del Habla\"}}]}]}<\/script>\n<!-- \/ Yoast SEO Premium plugin. -->","_links":{"self":[{"href":"https:\/\/littleplay.com.mx\/academy\/wp-json\/wp\/v2\/product\/5249","targetHints":{"allow":["GET"]}}],"collection":[{"href":"https:\/\/littleplay.com.mx\/academy\/wp-json\/wp\/v2\/product"}],"about":[{"href":"https:\/\/littleplay.com.mx\/academy\/wp-json\/wp\/v2\/types\/product"}],"replies":[{"embeddable":true,"href":"https:\/\/littleplay.com.mx\/academy\/wp-json\/wp\/v2\/comments?post=5249"}],"version-history":[{"count":5,"href":"https:\/\/littleplay.com.mx\/academy\/wp-json\/wp\/v2\/product\/5249\/revisions"}],"predecessor-version":[{"id":5916,"href":"https:\/\/littleplay.com.mx\/academy\/wp-json\/wp\/v2\/product\/5249\/revisions\/5916"}],"wp:featuredmedia":[{"embeddable":true,"href":"https:\/\/littleplay.com.mx\/academy\/wp-json\/wp\/v2\/media\/5663"}],"wp:attachment":[{"href":"https:\/\/littleplay.com.mx\/academy\/wp-json\/wp\/v2\/media?parent=5249"}],"wp:term":[{"taxonomy":"product_brand","embeddable":true,"href":"https:\/\/littleplay.com.mx\/academy\/wp-json\/wp\/v2\/product_brand?post=5249"},{"taxonomy":"product_cat","embeddable":true,"href":"https:\/\/littleplay.com.mx\/academy\/wp-json\/wp\/v2\/product_cat?post=5249"},{"taxonomy":"product_tag","embeddable":true,"href":"https:\/\/littleplay.com.mx\/academy\/wp-json\/wp\/v2\/product_tag?post=5249"}],"curies":[{"name":"wp","href":"https:\/\/api.w.org\/{rel}","templated":true}]}}